{"id":6,"date":"2016-02-02T20:39:51","date_gmt":"2016-02-02T20:39:51","guid":{"rendered":"http:\/\/centroceci.com.ar\/web\/?page_id=6"},"modified":"2022-03-21T20:33:00","modified_gmt":"2022-03-21T20:33:00","slug":"home","status":"publish","type":"page","link":"http:\/\/centroceci.com.ar\/web\/","title":{"rendered":"Home"},"content":{"rendered":"<div id=\"aq-block-9-1\" class=\"aq-block aq-block-aq_text_block aq_span12 aq-first clearfix\">\t\t<\/div><\/div>\n        <div class=\"widgetwrap dividers \" style=\"color:#333 !important;background-color:#f5f5f5 !important;background-image:url() !important; padding:0px 0;\">\n        \n\t\t\t                   \n            \n<div id=\"rev_slider_1_1_wrapper\" class=\"rev_slider_wrapper fullwidthbanner-container\" style=\"margin:0px auto;background-color:#E9E9E9;padding:0px;margin-top:0px;margin-bottom:0px;max-height:420px;\">\n<!-- START REVOLUTION SLIDER 4.6.5 fullwidth mode -->\n\t<div id=\"rev_slider_1_1\" class=\"rev_slider fullwidthabanner\" style=\"display:none;max-height:420px;height:420px;\">\n<ul>\t<!-- SLIDE  -->\n\t<li data-transition=\"random\" data-slotamount=\"7\" data-masterspeed=\"300\"  data-saveperformance=\"off\" >\n\t\t<!-- MAIN IMAGE -->\n\t\t<img src=\"http:\/\/centroceci.com.ar\/web\/wp-content\/plugins\/revslider\/images\/dummy.png\"  alt=\"F1\" data-lazyload=\"http:\/\/centroceci.com.ar\/web\/wp-content\/uploads\/F1.jpg\" data-bgposition=\"center top\" data-bgfit=\"cover\" data-bgrepeat=\"no-repeat\">\n\t\t<!-- LAYERS -->\n\n\t\t<!-- LAYER NR. 1 -->\n\t\t<div class=\"tp-caption mediumtext2 tp-fade tp-resizeme\" \n\t\t\t data-x=\"10\" \n\t\t\t data-y=\"center\" data-voffset=\"0\" \n\t\t\tdata-speed=\"300\" \n\t\t\tdata-start=\"2100\" \n\t\t\tdata-easing=\"Power3.easeInOut\" \n\t\t\tdata-splitin=\"none\" \n\t\t\tdata-splitout=\"none\" \n\t\t\tdata-elementdelay=\"0.1\" \n\t\t\tdata-endelementdelay=\"0.1\" \n\t\t\t data-end=\"6400\" \n data-endspeed=\"300\" \n\n\t\t\tstyle=\"z-index: 5; max-width: auto; max-height: auto; white-space: nowrap;\">PROGRAMA DE FORMACI\u00d3N DE M\u00c9DICOS<br\/>\nESPECIALISTAS EN CARDIOLOG\u00cdA INTERVENCIONISTA \n\t\t<\/div>\n\t<\/li>\n\t<!-- SLIDE  -->\n\t<li data-transition=\"random\" data-slotamount=\"7\" data-masterspeed=\"100\" data-link=\"http:\/\/centroceci.com.ar\/web\/quienes-somos\/\"   data-saveperformance=\"off\" >\n\t\t<!-- MAIN IMAGE -->\n\t\t<img src=\"http:\/\/centroceci.com.ar\/web\/wp-content\/plugins\/revslider\/images\/dummy.png\"  alt=\"F-3\" data-lazyload=\"http:\/\/centroceci.com.ar\/web\/wp-content\/uploads\/F-3.jpg\" data-bgposition=\"right center\" data-bgfit=\"cover\" data-bgrepeat=\"no-repeat\">\n\t\t<!-- LAYERS -->\n\n\t\t<!-- LAYER NR. 1 -->\n\t\t<div class=\"tp-caption mediumbgdarkblue tp-fade tp-resizeme\" \n\t\t\t data-x=\"-1\" \n\t\t\t data-y=\"center\" data-voffset=\"97\" \n\t\t\tdata-speed=\"300\" \n\t\t\tdata-start=\"500\" \n\t\t\tdata-easing=\"Quart.easeInOut\" \n\t\t\tdata-splitin=\"none\" \n\t\t\tdata-splitout=\"none\" \n\t\t\tdata-elementdelay=\"0.1\" \n\t\t\tdata-endelementdelay=\"0.1\" \n\t\t\t data-endspeed=\"300\" \n\n\t\t\tstyle=\"z-index: 5; max-width: auto; max-height: auto; white-space: nowrap;\">Dr. Alfredo Rodr\u00edguez, PhD, FACC, FSCAI, IAGS \n\t\t<\/div>\n\t<\/li>\n\t<!-- SLIDE  -->\n\t<li data-transition=\"random\" data-slotamount=\"7\" data-masterspeed=\"300\" data-link=\"my-interventional-cardiology-practice-over-the-last-41-years-1980-2021\"   data-saveperformance=\"off\" >\n\t\t<!-- MAIN IMAGE -->\n\t\t<img src=\"http:\/\/centroceci.com.ar\/web\/wp-content\/plugins\/revslider\/images\/dummy.png\"  alt=\"WEB-aer-02-02-02-02\" data-lazyload=\"http:\/\/centroceci.com.ar\/web\/wp-content\/uploads\/WEB-aer-02-02-02-02.png\" data-bgposition=\"center top\" data-bgfit=\"cover\" data-bgrepeat=\"no-repeat\">\n\t\t<!-- LAYERS -->\n\t<\/li>\n<\/ul>\n<div class=\"tp-bannertimer\"><\/div>\t<\/div>\n\t\t\t\n\n\t\t\t<style scoped>.tp-caption.mediumtext2,.mediumtext2{font-size:20px;line-height:20px;font-weight:700;font-family:Arial;color:#ffffff;text-decoration:none;text-shadow:0px 2px 5px rgba(0,0,0,0.498);margin:0px;white-space:nowrap;background-color:rgba(135,50,69,0.7);padding:20px;border-width:0px;border-color:rgb(255,255,255);border-style:none}.tp-caption.mediumbgdarkblue,.mediumbgdarkblue{font-size:27px;line-height:20px;font-weight:800;font-family:\"Open Sans\";color:rgb(255,255,255);text-decoration:none;background-color:rgba(52,73,94,0.74);padding:10px;border-width:0px;border-color:rgb(255,214,88);border-style:none}<\/style>\n\n\t\t\t<script type=\"text\/javascript\">\n\n\t\t\t\t\/******************************************\n\t\t\t\t\t-\tPREPARE PLACEHOLDER FOR SLIDER\t-\n\t\t\t\t******************************************\/\n\t\t\t\t\n\n\t\t\t\tvar setREVStartSize = function() {\n\t\t\t\t\tvar\ttpopt = new Object();\n\t\t\t\t\t\ttpopt.startwidth = 960;\n\t\t\t\t\t\ttpopt.startheight = 420;\n\t\t\t\t\t\ttpopt.container = jQuery('#rev_slider_1_1');\n\t\t\t\t\t\ttpopt.fullScreen = \"off\";\n\t\t\t\t\t\ttpopt.forceFullWidth=\"off\";\n\n\t\t\t\t\ttpopt.container.closest(\".rev_slider_wrapper\").css({height:tpopt.container.height()});tpopt.width=parseInt(tpopt.container.width(),0);tpopt.height=parseInt(tpopt.container.height(),0);tpopt.bw=tpopt.width\/tpopt.startwidth;tpopt.bh=tpopt.height\/tpopt.startheight;if(tpopt.bh>tpopt.bw)tpopt.bh=tpopt.bw;if(tpopt.bh<tpopt.bw)tpopt.bw=tpopt.bh;if(tpopt.bw<tpopt.bh)tpopt.bh=tpopt.bw;if(tpopt.bh>1){tpopt.bw=1;tpopt.bh=1}if(tpopt.bw>1){tpopt.bw=1;tpopt.bh=1}tpopt.height=Math.round(tpopt.startheight*(tpopt.width\/tpopt.startwidth));if(tpopt.height>tpopt.startheight&&tpopt.autoHeight!=\"on\")tpopt.height=tpopt.startheight;if(tpopt.fullScreen==\"on\"){tpopt.height=tpopt.bw*tpopt.startheight;var cow=tpopt.container.parent().width();var coh=jQuery(window).height();if(tpopt.fullScreenOffsetContainer!=undefined){try{var offcontainers=tpopt.fullScreenOffsetContainer.split(\",\");jQuery.each(offcontainers,function(e,t){coh=coh-jQuery(t).outerHeight(true);if(coh<tpopt.minFullScreenHeight)coh=tpopt.minFullScreenHeight})}catch(e){}}tpopt.container.parent().height(coh);tpopt.container.height(coh);tpopt.container.closest(\".rev_slider_wrapper\").height(coh);tpopt.container.closest(\".forcefullwidth_wrapper_tp_banner\").find(\".tp-fullwidth-forcer\").height(coh);tpopt.container.css({height:\"100%\"});tpopt.height=coh;}else{tpopt.container.height(tpopt.height);tpopt.container.closest(\".rev_slider_wrapper\").height(tpopt.height);tpopt.container.closest(\".forcefullwidth_wrapper_tp_banner\").find(\".tp-fullwidth-forcer\").height(tpopt.height);}\n\t\t\t\t};\n\n\t\t\t\t\/* CALL PLACEHOLDER *\/\n\t\t\t\tsetREVStartSize();\n\n\n\t\t\t\tvar tpj=jQuery;\n\t\t\t\ttpj.noConflict();\n\t\t\t\tvar revapi1;\n\n\t\t\t\ttpj(document).ready(function() {\n\n\t\t\t\tif(tpj('#rev_slider_1_1').revolution == undefined){\n\t\t\t\t\trevslider_showDoubleJqueryError('#rev_slider_1_1');\n\t\t\t\t}else{\n\t\t\t\t   revapi1 = tpj('#rev_slider_1_1').show().revolution(\n\t\t\t\t\t{\t\n\t\t\t\t\t\t\t\t\t\t\t\tdottedOverlay:\"none\",\n\t\t\t\t\t\tdelay:3000,\n\t\t\t\t\t\tstartwidth:960,\n\t\t\t\t\t\tstartheight:420,\n\t\t\t\t\t\thideThumbs:200,\n\n\t\t\t\t\t\tthumbWidth:100,\n\t\t\t\t\t\tthumbHeight:50,\n\t\t\t\t\t\tthumbAmount:3,\n\t\t\t\t\t\t\n\t\t\t\t\t\t\t\t\t\t\t\t\n\t\t\t\t\t\tsimplifyAll:\"off\",\n\n\t\t\t\t\t\tnavigationType:\"bullet\",\n\t\t\t\t\t\tnavigationArrows:\"solo\",\n\t\t\t\t\t\tnavigationStyle:\"round\",\n\n\t\t\t\t\t\ttouchenabled:\"on\",\n\t\t\t\t\t\tonHoverStop:\"on\",\n\t\t\t\t\t\tnextSlideOnWindowFocus:\"on\",\n\n\t\t\t\t\t\tswipe_threshold: 75,\n\t\t\t\t\t\tswipe_min_touches: 1,\n\t\t\t\t\t\tdrag_block_vertical: false,\n\t\t\t\t\t\t\n\t\t\t\t\t\t\t\t\t\t\t\t\n\t\t\t\t\t\t\t\t\t\t\t\t\n\t\t\t\t\t\tkeyboardNavigation:\"off\",\n\n\t\t\t\t\t\tnavigationHAlign:\"center\",\n\t\t\t\t\t\tnavigationVAlign:\"bottom\",\n\t\t\t\t\t\tnavigationHOffset:0,\n\t\t\t\t\t\tnavigationVOffset:20,\n\n\t\t\t\t\t\tsoloArrowLeftHalign:\"left\",\n\t\t\t\t\t\tsoloArrowLeftValign:\"center\",\n\t\t\t\t\t\tsoloArrowLeftHOffset:20,\n\t\t\t\t\t\tsoloArrowLeftVOffset:0,\n\n\t\t\t\t\t\tsoloArrowRightHalign:\"right\",\n\t\t\t\t\t\tsoloArrowRightValign:\"center\",\n\t\t\t\t\t\tsoloArrowRightHOffset:20,\n\t\t\t\t\t\tsoloArrowRightVOffset:0,\n\n\t\t\t\t\t\tshadow:2,\n\t\t\t\t\t\tfullWidth:\"on\",\n\t\t\t\t\t\tfullScreen:\"off\",\n\n\t\t\t\t\t\t\t\t\t\t\t\tspinner:\"spinner0\",\n\t\t\t\t\t\t\t\t\t\t\t\t\n\t\t\t\t\t\tstopLoop:\"off\",\n\t\t\t\t\t\tstopAfterLoops:-1,\n\t\t\t\t\t\tstopAtSlide:-1,\n\n\t\t\t\t\t\tshuffle:\"on\",\n\n\t\t\t\t\t\tautoHeight:\"off\",\n\t\t\t\t\t\tforceFullWidth:\"off\",\n\t\t\t\t\t\t\n\t\t\t\t\t\t\n\t\t\t\t\t\t\n\t\t\t\t\t\thideThumbsOnMobile:\"off\",\n\t\t\t\t\t\thideNavDelayOnMobile:1500,\n\t\t\t\t\t\thideBulletsOnMobile:\"off\",\n\t\t\t\t\t\thideArrowsOnMobile:\"off\",\n\t\t\t\t\t\thideThumbsUnderResolution:0,\n\n\t\t\t\t\t\t\t\t\t\t\t\thideSliderAtLimit:0,\n\t\t\t\t\t\thideCaptionAtLimit:0,\n\t\t\t\t\t\thideAllCaptionAtLilmit:0,\n\t\t\t\t\t\tstartWithSlide:0\t\t\t\t\t});\n\n\n\n\t\t\t\t\t\t\t\t\t}\n\t\t\t\t});\t\/*ready*\/\n\n\t\t\t<\/script>\n\n\n\t\t\t<\/div><!-- END REVOLUTION SLIDER -->\n        <\/div>\n        <div class=\"container builder woocommerce\"><div>\n        <\/div><div id=\"aq-block-9-2\" class=\"aq-block aq-block-aq_services_block aq_span12 aq-first clearfix\">\t\t\t\n\t\t        \n        <div class=\"widgetwrap widgetwrap-alt\">\n        \n\t\t\t            \n            \n        <ul class=\"services threeser\">\n        \n            \n            \n            \n\t\t\t                    \n                    \n\t\t\t<li class=\"\" style=\"color:#333; background-color:#fff;\">\n                \n                                    \n\t\t\t\t                    \n        \t\t\t<a href=\"http:\/\/centroceci.com.ar\/web\/pacientes\/\">\n\t\t\t\t\t\t                    <\/a>\n                \n                \t<h3><a href=\"http:\/\/centroceci.com.ar\/web\/pacientes\/\"  style=\"color:#333;\">PACIENTES<\/a><\/h3>\n                    \n  \t\t\t\t       \n                       \n                <p>Este es un espacio de divulgaci\u00f3n para que los pacientes\u00a0pueden conocer los procedimientos y t\u00e9cnicas habituales\u00a0realizadas en los procedimientos coronarios y cualquier otra\u00a0informaci\u00f3n necesaria para despejar las dudas que puedan<\/p>\n                        \n\t\t\t<\/li>\n            \n\t\t\t                    \n                    \n\t\t\t<li class=\"\" style=\"color:#333; background-color:#fff;\">\n                \n                                    \n\t\t\t\t                    \n        \t\t\t<a href=\"https:\/\/www.google.com\/maps\/place\/Azcu%C3%A9naga+870,+C1115+Cdad.+Aut%C3%B3noma+de+Buenos+Aires\/@-34.5984542,-58.4035178,17z\/data=!3m1!4b1!4m6!3m5!1s0x95bcca93e4cb86f3:0x48da563c20ef494b!8m2!3d-34.5984586!4d-58.4009429!16s%2Fg%2F11q358krpn?entry=ttu&#038;g_ep=EgoyMDI1MDMxMi4wIKXMDSoASAFQAw%3D%3D\">\n\t\t\t\t\t\t                    <\/a>\n                \n                \t<h3><a href=\"https:\/\/www.google.com\/maps\/place\/Azcu%C3%A9naga+870,+C1115+Cdad.+Aut%C3%B3noma+de+Buenos+Aires\/@-34.5984542,-58.4035178,17z\/data=!3m1!4b1!4m6!3m5!1s0x95bcca93e4cb86f3:0x48da563c20ef494b!8m2!3d-34.5984586!4d-58.4009429!16s%2Fg%2F11q358krpn?entry=ttu&#038;g_ep=EgoyMDI1MDMxMi4wIKXMDSoASAFQAw%3D%3D\"  style=\"color:#333;\">UBICACION<\/a><\/h3>\n                    \n  \t\t\t\t       \n                       \n                <p style=\"text-align: left;\"><strong>Centro de Estudio en Cardiologia Intervencionista (Azcuenaga 870) Caba- Argentina<\/strong><\/p>\n<p style=\"text-align: left;\">011-49648721 arodriguez@centroceci.com.ar<\/p>\n<p style=\"text-align: left;\">\n                        \n\t\t\t<\/li>\n            \n\t\t\t                    \n                    \n\t\t\t<li class=\"\" style=\"color:#333; background-color:#fff;\">\n                \n                                    \n\t\t\t\t                    \n        \t\t\t<a href=\"http:\/\/centroceci.com.ar\/web\/profesionales\/\">\n\t\t\t\t\t\t                    <\/a>\n                \n                \t<h3><a href=\"http:\/\/centroceci.com.ar\/web\/profesionales\/\"  style=\"color:#333;\">PROFESIONALES<\/a><\/h3>\n                    \n  \t\t\t\t       \n                       \n                <p>Las <em>investigaciones cl\u00ednicas<\/em> que desarrollamos incluyen el uso de nuevos dispositivos para el tratamiento percut\u00e1neo de la enfermedad de las arterias coronarias, reemplazo valvular percut\u00e1neo y nuevas tecnolog\u00edas de imagen en tomograf\u00eda coronaria<\/p>\n                        \n\t\t\t<\/li>\n            \n\t\t\t            \n\t\t \n\n        <\/ul>\n        <\/div>\n                <\/div><div id=\"aq-block-9-3\" class=\"aq-block aq-block-aq_blog_classic aq_span12 aq-first clearfix\">        \n\t\t     \n        \n        <div class=\"widgetwrap widgetwrap-alt\">\n            \n\t\t\t\t                <h2 class=\"widget\" style=\"color:#000;\">\n                    \n                \tBlog                    \n\t\t\t\t\t                        \n                <\/h2>\n                <div class=\"line\"><\/div>\n                                \n                                \n                \t<!-- latest -->\n\t\t\t\t\t<ul class=\"homeblog\">\n                    \n                    \n\t\t\t\t\t    \n                                        <li class=\"trans\">\n                \n                <span title=\"post\" class=\"ribbon_icon standard-ribbon\"><i class=\"fa fa-file-text-o\"><\/i><\/span>                        \n\t\t\t\t  <div class=\"thumbfix rad\"><\/div>                   \n                  <div class=\"clearfix\"><\/div>\n                  \n                  <div class=\"post-inn trans\">\n                      \n                          \n\t<p class=\"meta tranz\"> \n        <a href=\"http:\/\/centroceci.com.ar\/web\/category\/novedades\/\" rel=\"category tag\">Novedades<\/a> &bull; <a href=\"http:\/\/centroceci.com.ar\/web\/category\/sin-categoria\/\" rel=\"category tag\">Sin categor\u00eda<\/a>    <\/p>\n                              \n                      <h3><a href=\"http:\/\/centroceci.com.ar\/web\/2025\/03\/17\/simposio-ceci-noviembre-2025\/\" title=\"SIMPOSIO CECI 14 NOVIEMBRE 2025\">SIMPOSIO CECI 14 NOVIEMBRE 2025<\/a><\/h3>\n                            \n                      <p class=\"teaser\">Roxana Merhan MD &#8211; George D. Dangas MD &#8211; Alexandra Lansky MD...<\/p>\n                  \n                          \n\t<p class=\"meta_more\">\n    \t\t<a href=\"http:\/\/centroceci.com.ar\/web\/2025\/03\/17\/simposio-ceci-noviembre-2025\/\">Read More <i class=\"fa fa-chevron-right\"><\/i><\/a>\n    <\/p>\n                          \n                  <\/div>\n                            \n                <\/li>                    \n                                    \n                            \n                                        <li class=\"trans\">\n                \n                <span title=\"post\" class=\"ribbon_icon standard-ribbon\"><i class=\"fa fa-file-text-o\"><\/i><\/span>                        \n\t\t\t\t  <div class=\"thumbfix rad\"><\/div>                   \n                  <div class=\"clearfix\"><\/div>\n                  \n                  <div class=\"post-inn trans\">\n                      \n                          \n\t<p class=\"meta tranz\"> \n        <a href=\"http:\/\/centroceci.com.ar\/web\/category\/investigacion\/\" rel=\"category tag\">Investigaci\u00f3n<\/a> &bull; <a href=\"http:\/\/centroceci.com.ar\/web\/category\/novedades\/\" rel=\"category tag\">Novedades<\/a>    <\/p>\n                              \n                      <h3><a href=\"http:\/\/centroceci.com.ar\/web\/2025\/01\/03\/causes-of-death-following-coronary-revascularization-in-patients-with-diabetes\/\" title=\"Causes of Death Following Coronary Revascularization in Patients with Diabetes\">Causes of Death Following Coronary Revascularization...<\/a><\/h3>\n                  \n                          \n\t<p class=\"meta_more\">\n    \t\t<a href=\"http:\/\/centroceci.com.ar\/web\/2025\/01\/03\/causes-of-death-following-coronary-revascularization-in-patients-with-diabetes\/\">Read More <i class=\"fa fa-chevron-right\"><\/i><\/a>\n    <\/p>\n                          \n                  <\/div>\n                            \n                <\/li>                \n                                    \n                            \n                                        <li class=\"trans\">\n                \n                <span title=\"post\" class=\"ribbon_icon standard-ribbon\"><i class=\"fa fa-file-text-o\"><\/i><\/span>                        \n\t\t\t\t  <div class=\"thumbfix rad\"><\/div>                   \n                  <div class=\"clearfix\"><\/div>\n                  \n                  <div class=\"post-inn trans\">\n                      \n                          \n\t<p class=\"meta tranz\"> \n        <a href=\"http:\/\/centroceci.com.ar\/web\/category\/sin-categoria\/\" rel=\"category tag\">Sin categor\u00eda<\/a>    <\/p>\n                              \n                      <h3><a href=\"http:\/\/centroceci.com.ar\/web\/2024\/11\/22\/simposio-nuevos-desafios-y-oportunidades-en-el-tratamiento-de-cardiopatia-isquemica\/\" title=\"Simposio \u00abNuevos desaf\u00edos y oportunidades en el tratamiento de Cardiopat\u00eda Isqu\u00e9mica\u00bb\">Simposio \u00abNuevos desaf\u00edos y oportunidades en...<\/a><\/h3>\n                  \n                          \n\t<p class=\"meta_more\">\n    \t\t<a href=\"http:\/\/centroceci.com.ar\/web\/2024\/11\/22\/simposio-nuevos-desafios-y-oportunidades-en-el-tratamiento-de-cardiopatia-isquemica\/\">Read More <i class=\"fa fa-chevron-right\"><\/i><\/a>\n    <\/p>\n                          \n                  <\/div>\n                            \n                <\/li>                \n                                    \n                            \n                                        <li class=\"trans\">\n                \n                <span title=\"post\" class=\"ribbon_icon standard-ribbon\"><i class=\"fa fa-file-text-o\"><\/i><\/span>                        \n\t\t\t\t  <div class=\"thumbfix rad\"><\/div>                   \n                  <div class=\"clearfix\"><\/div>\n                  \n                  <div class=\"post-inn trans\">\n                      \n                          \n\t<p class=\"meta tranz\"> \n        <a href=\"http:\/\/centroceci.com.ar\/web\/category\/investigacion\/\" rel=\"category tag\">Investigaci\u00f3n<\/a> &bull; <a href=\"http:\/\/centroceci.com.ar\/web\/category\/sin-categoria\/\" rel=\"category tag\">Sin categor\u00eda<\/a>    <\/p>\n                              \n                      <h3><a href=\"http:\/\/centroceci.com.ar\/web\/2023\/04\/11\/high-non-cardiac-death-incidence-should-be-a-limitation-ofdrug-eluting-stents-implantation-insights-from-recentrandomized-data\/\" title=\"High Non-Cardiac Death Incidence Should Be a Limitation of<br>Drug-Eluting Stents Implantation? Insights from Recent<br>Randomized Data\">High Non-Cardiac Death Incidence Should Be...<\/a><\/h3>\n                  \n                          \n\t<p class=\"meta_more\">\n    \t\t<a href=\"http:\/\/centroceci.com.ar\/web\/2023\/04\/11\/high-non-cardiac-death-incidence-should-be-a-limitation-ofdrug-eluting-stents-implantation-insights-from-recentrandomized-data\/\">Read More <i class=\"fa fa-chevron-right\"><\/i><\/a>\n    <\/p>\n                          \n                  <\/div>\n                            \n                <\/li>                \n                                    \n                            \n                                        <li class=\"trans\">\n                \n                <span title=\"post\" class=\"ribbon_icon standard-ribbon\"><i class=\"fa fa-file-text-o\"><\/i><\/span>                        \n\t\t\t\t  <div class=\"thumbfix rad\"><\/div>                   \n                  <div class=\"clearfix\"><\/div>\n                  \n                  <div class=\"post-inn trans\">\n                      \n                          \n\t<p class=\"meta tranz\"> \n        <a href=\"http:\/\/centroceci.com.ar\/web\/category\/novedades\/\" rel=\"category tag\">Novedades<\/a>    <\/p>\n                              \n                      <h3><a href=\"http:\/\/centroceci.com.ar\/web\/2022\/10\/26\/ceci-2022\/\" title=\"CECI 2022\">CECI 2022<\/a><\/h3>\n                  \n                          \n\t<p class=\"meta_more\">\n    \t\t<a href=\"http:\/\/centroceci.com.ar\/web\/2022\/10\/26\/ceci-2022\/\">Read More <i class=\"fa fa-chevron-right\"><\/i><\/a>\n    <\/p>\n                          \n                  <\/div>\n                            \n                <\/li>                \n                                    \n                            \n                                        <li class=\"trans\">\n                \n                <span title=\"post\" class=\"ribbon_icon standard-ribbon\"><i class=\"fa fa-file-text-o\"><\/i><\/span>                        \n\t\t\t\t  <div class=\"thumbfix rad\"><\/div>                   \n                  <div class=\"clearfix\"><\/div>\n                  \n                  <div class=\"post-inn trans\">\n                      \n                          \n\t<p class=\"meta tranz\"> \n        <a href=\"http:\/\/centroceci.com.ar\/web\/category\/investigacion\/\" rel=\"category tag\">Investigaci\u00f3n<\/a> &bull; <a href=\"http:\/\/centroceci.com.ar\/web\/category\/sin-categoria\/\" rel=\"category tag\">Sin categor\u00eda<\/a>    <\/p>\n                              \n                      <h3><a href=\"http:\/\/centroceci.com.ar\/web\/2022\/03\/18\/565\/\" title=\"Is non-cardiac death increased with an initial in-<br>vasive revascularization strategy? Commentary\">Is non-cardiac death increased with an...<\/a><\/h3>\n                  \n                          \n\t<p class=\"meta_more\">\n    \t\t<a href=\"http:\/\/centroceci.com.ar\/web\/2022\/03\/18\/565\/\">Read More <i class=\"fa fa-chevron-right\"><\/i><\/a>\n    <\/p>\n                          \n                  <\/div>\n                            \n                <\/li>                \n                                    \n                            \n                                        <li class=\"trans\">\n                \n                <span title=\"post\" class=\"ribbon_icon standard-ribbon\"><i class=\"fa fa-file-text-o\"><\/i><\/span>                        \n\t\t\t\t  <div class=\"thumbfix rad\"><\/div>                   \n                  <div class=\"clearfix\"><\/div>\n                  \n                  <div class=\"post-inn trans\">\n                      \n                          \n\t<p class=\"meta tranz\"> \n        <a href=\"http:\/\/centroceci.com.ar\/web\/category\/novedades\/\" rel=\"category tag\">Novedades<\/a> &bull; <a href=\"http:\/\/centroceci.com.ar\/web\/category\/sin-categoria\/\" rel=\"category tag\">Sin categor\u00eda<\/a>    <\/p>\n                              \n                      <h3><a href=\"http:\/\/centroceci.com.ar\/web\/2022\/01\/14\/la-cardiologia-intervencionista-que-vivi-en-mis-41-anos-de-practica-1980-2021\/\" title=\"La Cardiolog\u00eda Intervencionista que viv\u00ed en mis 41 a\u00f1os de pr\u00e1ctica (1980-2021).\">La Cardiolog\u00eda Intervencionista que viv\u00ed en...<\/a><\/h3>\n                  \n                          \n\t<p class=\"meta_more\">\n    \t\t<a href=\"http:\/\/centroceci.com.ar\/web\/2022\/01\/14\/la-cardiologia-intervencionista-que-vivi-en-mis-41-anos-de-practica-1980-2021\/\">Read More <i class=\"fa fa-chevron-right\"><\/i><\/a>\n    <\/p>\n                          \n                  <\/div>\n                            \n                <\/li>                \n                                    \n                                        \n                    \n\t\t\t\t\t<\/ul>\n\t\t\t\t\t\t\t\t\t\t<!-- end latest -->\n\n\t\t\t\t\n            \t                \n\t\t<\/div><!-- end. widgetwrap -->\n            \n\t\t<\/div>\n","protected":false},"excerpt":{"rendered":"","protected":false},"author":1,"featured_media":0,"parent":0,"menu_order":0,"comment_status":"closed","ping_status":"closed","template":"homepage.php","meta":[],"_links":{"self":[{"href":"http:\/\/centroceci.com.ar\/web\/wp-json\/wp\/v2\/pages\/6"}],"collection":[{"href":"http:\/\/centroceci.com.ar\/web\/wp-json\/wp\/v2\/pages"}],"about":[{"href":"http:\/\/centroceci.com.ar\/web\/wp-json\/wp\/v2\/types\/page"}],"author":[{"embeddable":true,"href":"http:\/\/centroceci.com.ar\/web\/wp-json\/wp\/v2\/users\/1"}],"replies":[{"embeddable":true,"href":"http:\/\/centroceci.com.ar\/web\/wp-json\/wp\/v2\/comments?post=6"}],"version-history":[{"count":6,"href":"http:\/\/centroceci.com.ar\/web\/wp-json\/wp\/v2\/pages\/6\/revisions"}],"predecessor-version":[{"id":143,"href":"http:\/\/centroceci.com.ar\/web\/wp-json\/wp\/v2\/pages\/6\/revisions\/143"}],"wp:attachment":[{"href":"http:\/\/centroceci.com.ar\/web\/wp-json\/wp\/v2\/media?parent=6"}],"curies":[{"name":"wp","href":"https:\/\/api.w.org\/{rel}","templated":true}]}}